est common factor of 261607 and 481277.
1997
Calculate the greatest common divisor of 15576 and 37150707.
1947
Calculate the highest common factor of 50832 and 37008.
144
Calculate the highest common divisor of 46506 and 156354.
138
What is the greatest common divisor of 672625 and 16143?
5381
What is the highest common divisor of 53 and 29240948?
53
Calculate the highest common factor of 150697958 and 8706.
2902
What is the highest common factor of 1 and 107903239?
1
Calculate the highest common factor of 2238 and 703520522.
746
What is the highest common factor of 90451 and 9773?
29
What is the greatest common factor of 18800 and 19488?
16
Calculate the highest common factor of 27283826 and 2.
2
Calculate the highest common factor of 35 and 474425.
35
Calculate the greatest common divisor of 209787391 and 38082.
6347
Calculate the highest common factor of 4353 and 422911362.
4353
What is the greatest common divisor of 264286 and 32472?
902
Calculate the greatest common factor of 22852692 and 4610.
922
What is the greatest common factor of 12821016 and 1885?
377
Calculate the greatest common divisor of 110 and 119739015.
55
Calculate the highest common divisor of 2440634 and 2296.
14
What is the greatest common factor of 46362086 and 3452?
1726
What is the highest common factor of 10122460 and 740?
740
What is the greatest common divisor of 36210 and 461805?
255
What is the highest common divisor of 93375 and 1225080?
3735
Calculate the greatest common factor of 58140 and 5071644.
612
What is the highest common factor of 4977025922 and 11?
11
What is the greatest common divisor of 4359460 and 106?
2
Calculate the highest common factor of 48 and 54522656.
16
What is the highest common divisor of 30964479 and 2275?
91
Calculate the greatest common factor of 40 and 144289340.
20
Calculate the greatest common divisor of 165736048 and 16.
16
Calculate the greatest common factor of 492 and 15718539.
123
Calculate the greatest common factor of 63 and 27172677.
21
What is the greatest common divisor of 46007 and 12276791?
3539
What is the greatest common factor of 266 and 19840009?
133
What is the highest common divisor of 747 and 9780471?
747
What is the greatest common factor of 285 and 19439565?
285
Calculate the highest common factor of 5 and 583339.
1
Calculate the highest common divisor of 19430 and 4814.
58
What is the greatest common factor of 433606080 and 170?
170
Calculate the greatest common divisor of 1446158 and 106848.
742
What is the greatest common factor of 791067 and 16156?
577
What is the greatest common factor of 8841 and 13587?
21
Calculate the highest common factor of 12098 and 34.
2
Calculate the greatest common divisor of 4536 and 17970066.
54
What is the highest common factor of 245 and 115085?
5
Calculate the highest common divisor of 194414 and 66.
22
What is the greatest common factor of 80 and 64029325?
5
Calculate the greatest common factor of 298032436 and 92.
92
Calculate the greatest common factor of 120926 and 100958.
26
Calculate the greatest common factor of 9671 and 2606477.
19
Calculate the greatest common divisor of 4439835 and 6.
3
What is the highest common divisor of 218617 and 7686?
7
What is the greatest common divisor of 5301 and 3952?
19
Calculate the greatest common divisor of 7223716 and 93443.
1907
What is the highest common divisor of 62984540 and 212860?
7340
Calculate the highest common factor of 21345 and 980.
5
Calculate the highest common factor of 4970714 and 61318.
1978
Calculate the highest common factor of 125805017 and 104.
13
Calculate the highest common factor of 164862 and 71294.
86
What is the greatest common factor of 1110325164 and 12?
12
What is the greatest common divisor of 104 and 12968?
8
Calculate the highest common factor of 11705 and 16100.
5
What is the greatest common factor of 284238 and 148374?
18
Calculate the greatest common divisor of 5447214 and 155511.
333
What is the greatest common factor of 685405 and 21280?
35
Calculate the greatest common factor of 140970 and 251304.
222
What is the greatest common divisor of 416186 and 14750?
118
Calculate the highest common divisor of 85 and 57870006.
17
Calculate the highest common divisor of 1965098 and 178118.
58
Calculate the highest common factor of 189737901 and 612.
153
What is the greatest common factor of 345137 and 30290117?
2483
Calculate the highest common divisor of 212887422 and 1584.
198
Calculate the greatest common divisor of 650803359 and 2229.
2229
Calculate the highest common factor of 4256 and 75799892.
532
Calculate the highest common factor of 117677760 and 20.
20
What is the greatest common divisor of 192042846 and 2397?
2397
What is the highest common factor of 3088 and 5126080?
3088
What is the greatest common factor of 682 and 6851966?
22
What is the greatest common divisor of 13716449 and 512894?
6931
What is the highest common factor of 1302608 and 2992?
272
What is the greatest common divisor of 4343610 and 938?
134
What is the greatest common factor of 1411150 and 1002?
334
Calculate the highest common factor of 63 and 5963499.
9
Calculate the greatest common divisor of 601649697 and 1842.
921
Calculate the highest common factor of 181016 and 5389.
17
What is the greatest common divisor of 102357 and 909279?
459
What is the greatest common divisor of 229500563 and 3746?
1873
What is the highest common divisor of 61490 and 9922?
22
What is the highest common factor of 22 and 356390221?
11
What is the greatest common factor of 226 and 19126606?
226
What is the highest common divisor of 169253610 and 50?
10
What is the greatest common divisor of 4185 and 4294350?
135
What is the highest common divisor of 6534 and 3581358?
726
Calculate the greatest common divisor of 263474265 and 89.
89
What is the greatest common divisor of 4498623 and 292230?
1719
What is the highest common divisor of 4915 and 295101515?
4915
Calculate the greatest common divisor of 3330 and 79330590.
3330
Calculate the greatest common divisor of 1752 and 8365143.
219
Calculate the highest common divisor of 2896 and 69353046.
362
What is the greatest common divisor of 703 and 111037?
37
Calculate the greatest common factor of 132 and 8434624.
44
Calculate the highest common factor of 18902778 and 9.
3
Calculate the highest common divisor of 17232 and 1229111172.
4308
What is the greatest common divisor of 20 and 47441860?
20
Calculate the greatest common factor of 1435 and 112442400.
35
What is the greatest common factor of 29047568 and 2186?
2186
What is the greatest common divisor of 1242 and 10464862?
46
What is the greatest common factor of 128926 and 10066?
14
Calculate the greatest common factor of 4002 and 572648848.
1334
What is the highest common factor of 645935606 and 4328?
1082
What is the highest common divisor of 19549600 and 448?
224
What is the highest common factor of 176730 and 6028?
274
What is the greatest common factor of 6498 and 704489334?
2166
What is the highest common divisor of 1371 and 516027491?
457
What is the greatest common factor of 1329392 and 14896?
304
Calculate the greatest common divisor of 1761795 and 3927.
357
What is the highest common divisor of 56429 and 6184?
773
What is the highest common factor of 98 and 12733546?
14
Calculate the greatest common factor of 30590 and 204470.
1610
What is the highest common divisor of 38536 and 2996?
4
Calculate the greatest common divisor of 13394004 and 1104.
276
Calculate the greatest common divisor of 7257316 and 88.
44
Calculate the greatest common factor of 10 and 724780.
10
Calculate the highest common factor of 2163048 and 72.
24
What is the highest common factor of 26105414 and 27274?
2098
What is the highest common factor of 6869129 and 79?
79
Calculate the greatest common factor of 182 and 747136299.
91
Calculate the greatest common factor of 7979045 and 115.
115
Calculate the highest common factor of 766740 and 74100.
780
What is the greatest common divisor of 2241 and 874073?
83
What is the highest common factor of 16604832 and 1076?
1076
What is the greatest common divisor of 109556 and 176717?
61
What is the highest common divisor of 1200 and 185525?
25
Calculate the highest common factor of 8084817 and 516.
129
What is the greatest co